o(a) = 22*a**2 + 1059*a + 6425. What is o(-6)?
863
Let x(w) = -4*w**2 + 917*w + 49577. Determine x(-45).
212
Let p(m) = -m**3 + 16*m**2 + 1400*m - 889. Calculate p(46).
31
Let d(q) = -q**2 + 755*q + 73250. Give d(-87).
-4
Let k(z) = 5*z**3 + 551*z**2 - 449*z - 653. Calculate k(-111).
-98
Let s(q) = 3*q**2 - 73*q - 15906. Calculate s(86).
4
Let w(g) = 3419*g + 7263. Determine w(-2).
425
Let i(t) = -2*t**3 + 42*t**2 + 6*t + 473. Calculate i(23).
-1505
Let o(n) = -12*n**3 + n**2 - 93*n + 340. Determine o(4).
-784
Let o(s) = -292*s + 5210. Determine o(15).
830
Let d(f) = -2*f**2 - 1242*f + 584781. What is d(-934)?
97
Let w(a) = -897*a - 68187. Determine w(-73).
-2706
Let l(m) = 22621*m + 633387. Give l(-28).
-1
Let b(d) = -58*d**2 + 2788*d + 129193. Calculate b(77).
-13
Let w(b) = -30827*b - 215513. Give w(-7).
276
Let d(c) = -9100*c - 1856397. What is d(-204)?
3
Let f(y) = -24430*y + 1587948. What is f(65)?
-2
Let a(k) = 15752*k + 47165. Give a(-3).
-91
Let j(d) = 4*d**3 + 80*d**2 - 105*d - 92. Determine j(-21).
349
Let y(d) = -3*d**3 - 222*d**2 + 313*d + 6598. Calculate y(-75).
-2
Let t(h) = 2*h**2 + 87*h + 479. Determine t(-5).
94
Let d(x) = -3*x**3 - 62*x**2 + 6*x - 126. Give d(-21).
189
Let k(m) = -2*m**2 + 685*m - 58460. Determine k(181).
3
Let k(z) = -15671*z - 313484. What is k(-20)?
-64
Let c(z) = -472*z + 14689. Determine c(31).
57
Let n(a) = -12*a**3 - 171*a**2 + 11*a - 64. What is n(-14)?
-806
Let a(v) = -2*v**3 + 30*v**2 + 17*v + 24. Determine a(14).
654
Let a(d) = -4*d**2 + 5953*d - 641747. Give a(117).
-2
Let j(h) = -2*h**2 + 12*h + 134. Determine j(7).
120
Let k(t) = 1917*t + 26511. Give k(-14).
-327
Let k(y) = -y**3 - 10*y**2 - 18*y - 55. Determine k(-7).
-76
Let k(b) = 7*b**3 - 131*b**2 + 508*b + 4. Calculate k(4).
388
Let s(v) = -3*v**2 + 13277*v - 92803. What is s(7)?
-11
Let m(x) = x**3 + 1090*x**2 + 296498*x + 1175. Calculate m(-568).
39
Let w(m) = 3769*m + 1458584. What is w(-387)?
-19
Let t(v) = -4553*v + 27320. Calculate t(6).
2
Let v(y) = -y**3 + 18*y**2 + 3350*y + 3393. What is v(68)?
-7
Let c(v) = v**2 - 165*v - 50180. Give c(321).
-104
Let y(o) = -11591*o - 417279. Give y(-36).
-3
Let x(c) = -c**2 - 272*c + 164689. Calculate x(292).
1
Let z(t) = -36*t**2 + 2295*t - 4580. What is z(2)?
-134
Let o(j) = -1603*j - 262348. Determine o(-164).
544
Let a(p) = -p**3 - 12*p**2 + 16*p - 1706. Determine a(-18).
-50
Let v(k) = -k**2 - 166*k - 2206. Determine v(-15).
59
Let q(o) = 45*o**2 + 8351*o - 3284. Determine q(-186).
250
Let o(x) = -6172*x - 580166. Give o(-94).
2
Let b(g) = 12*g**2 + 284*g - 122759. What is b(90)?
1
Let w(f) = 20*f**3 + 2*f**2 - 27115*f - 27116. Calculate w(-1).
-19
Let y(d) = -d**2 - 1461*d + 26614. What is y(18)?
-8
Let p(j) = -3457*j - 318125. Determine p(-92).
-81
Let g(n) = -n**3 - 50*n**2 + 894*n + 1212. Give g(15).
-3
Let t(l) = -l**2 + 1931*l - 191584. Give t(105).
146
Let x(z) = z**3 + 85*z**2 - 726*z + 1693. Give x(-93).
19
Let r(i) = -383*i + 1579. Calculate r(4).
47
Let v(p) = p**2 + 91*p - 5014. Calculate v(-131).
226
Let u(c) = c**2 - 190*c - 4394. Calculate u(210).
-194
Let v(a) = 4*a**3 - 233*a**2 - 1467*a - 312. What is v(64)?
8
Let k(x) = -6*x**2 - 752*x - 23564. Give k(-63).
-2
Let t(f) = 2*f**3 - 88*f**2 - 153*f - 143. Determine t(46).
1283
Let q(n) = -30242*n + 1179429. Give q(39).
-9
Let j(g) = -g**3 - 23*g**2 - 619*g - 13255. Give j(-22).
-121
Let p(s) = 29167*s + 495854. What is p(-17)?
15
Let s(k) = -2*k**3 - 20*k**2 + 177*k + 2297. What is s(-12)?
749
Let u(b) = -b**2 + 312*b + 92636. Determine u(-186).
8
Let o(f) = -132*f + 283. What is o(2)?
19
Let g(s) = 1111*s - 5259. Determine g(5).
296
Let u(k) = -7*k**2 + 37836*k - 716352. Determine u(19).
5
Let c(v) = -2*v**2 + 336*v + 4368. Calculate c(183).
-1122
Let g(l) = 45512*l - 2730741. Determine g(60).
-21
Let c(x) = -1883*x + 147015. Determine c(78).
141
Let r(z) = 4*z**3 + 380*z**2 + 14*z + 1267. Calculate r(-95).
-63
Let i(p) = -201*p**2 + 11467*p - 565. Determine i(57).
5
Let c(z) = z**3 - 122*z**2 + 1368*z + 21. Calculate c(11).
1638
Let u(p) = -3*p**3 + 446*p**2 - 172*p - 18373. Give u(148).
-21
Let t(z) = -7*z**2 + 526*z + 3217. What is t(81)?
-104
Let k(i) = -4*i**2 - 123*i + 1059. Calculate k(7).
2
Let p(v) = -2*v**2 - 1952*v - 38220. Determine p(-20).
20
Let f(i) = 1603*i - 137865. Calculate f(86).
-7
Let m(k) = 481*k - 14011. Calculate m(29).
-62
Let u(c) = -2*c**3 + 236*c**2 + 721*c + 59. What is u(121)?
-546
Let f(j) = 44790*j - 134384. Give f(3).
-14
Let n(g) = -4246*g - 25509. Give n(-6).
-33
Let o(z) = -z**3 - 3*z**2 - 3*z - 26. Determine o(5).
-241
Let q(l) = -l**3 - 33*l**2 + 48*l - 180. Give q(-34).
-656
Let v(l) = 12177*l + 84935. Give v(-7).
-304
Let a(d) = 8*d**3 - 2309*d**2 + 3724*d + 2031. Calculate a(287).
22
Let n(s) = -4*s**2 + 87*s - 463. Calculate n(13).
-8
Let a(q) = -150*q + 838. Determine a(-13).
2788
Let k(c) = 4*c**3 - 4*c**2 - 217*c - 887. Determine k(-4).
-339
Let v(d) = 524*d - 1945. Calculate v(6).
1199
Let c(n) = n**3 + 142*n**2 - 2865*n + 2315. Give c(-160).
-85
Let o(t) = 13601*t - 639213. Determine o(47).
34
Let t(w) = w**3 - 124*w**2 + 78*w + 5569. Give t(123).
34
Let k(d) = -d**3 - 256*d**2 - 2018*d - 8396. What is k(-248)?
36
Let q(b) = -b**3 - 65*b**2 - 629*b - 16401. Determine q(-59).
-176
Let f(r) = 3080*r + 89324. Calculate f(-29).
4
Let j(p) = 665*p - 50014. Give j(75).
-139
Let j(t) = 176*t - 5255. What is j(26)?
-679
Let f(q) = -817*q - 2539. Give f(-3).
-88
Let k(y) = y**2 + y - 447. Calculate k(-20).
-67
Let z(j) = 2*j**2 - 245969*j - 2213882. Determine z(-9).
1
Let w(u) = -10595*u**2 + 180123*u - 139. Give w(17).
-3
Let i(b) = b**3 + 86*b**2 - 19*b - 1402. Calculate i(-86).
232
Let u(j) = 3*j**3 + 21*j**2 + 27*j + 16. Determine u(-8).
-392
Let p(f) = -149*f**3 + 16404*f**2 - 1537*f - 327. What is p(110)?
3
Let k(p) = -2130*p - 13374. Give k(-6).
-594
Let p(b) = 2*b**3 - 130*b**2 - 1008*b + 43. Give p(-7).
43
Let n(i) = -1142*i + 356254. Calculate n(312).
-50
Let a(x) = 39831*x**2 + 1274592*x - 2. Determine a(-32).
-2
Let y(a) = a**2 + 2321*a - 120969. Determine y(51).
3
Let c(b) = 3*b**3 - 112*b**2 + 122*b - 17681. What is c(40)?
-1
Let f(v) = -2*v**3 + 397*v**2 + 1400*v + 2790. Calculate f(202).
-38
Let z(q) = 547*q - 1875. Determine z(3).
-234
Let d(o) = 4*o**3 + 33*o**2 + 1300*o + 10334. Calculate d(-8).
-2
Let m(f) = 2*f**3 + 753*f**2 - 323*f + 20353. Determine m(-377).
-5
Let l(n) = -14515*n - 2641724. Calculate l(-182).
6
Let k(h) = h**2 + 5789*h - 104523. Determine k(18).
3
Let v(n) = -1084093*n + 3252279. Determine v(3).
0
Let j(y) = y**2 - 8275*y - 416246. What is j(-50)?
4
Let v(a) = -248135*a - 1240646. Calculate v(-5).
29
Let j(q) = 295*q - 1380. Determine j(3).
-495
Let r(v) = -563*v - 92341. Give r(-164).
-9
Let w(y) = 5*y**3 - 625*y**2 - 591*y - 4912. Give w(126).
2
Let m(l) = 11*l**2 - 793*l - 2478. Give m(-3).
0
Let b(w) = w**3 + 87*w**2 + 1576*w + 9428. Determine b(-65).
-62
Let s(a) = a**2 - 25855*a + 1676306. Give s(65).
-44
Let h(w) = -w**3 + w**2 - 1367*w + 5513. Calculate h(4).
-3
Let f(q) = 6*q**2 - 87*q - 957. What is f(-11)?
726
Let y(c) = c**3 - 89*c**2 + 1816*c - 1227. Determine y(58).
-183
Let f(t) = t**3 + 6*t**2 - 22066*t - 285663. Determine f(-13).
12
Let f(t) = -430*t + 15329. Determine f(34).
709
Let z(g) = g**2 - 1216*g + 469. What is z(0)?
469
Let s(t) = 863*t**2 + 1938*t - 3859. Give s(2).
3469
Let i(q) = -q**3 + 307*q**2 + 43*q - 12627. Give i(307).
574
Let n(w) = -335*w - 1508. Calculate n(-7).
837
Let j(f) = 45*f**3 - 7156*f**2 + 158*f + 149. Give j(159).
-10
Let w(s) = 58878*s + 58289223. What is w(-990)?
3
Let o(l) = 5*l**2 + 336*l + 1488. What is o(-62)?
-124
Let t(h) = -h**3 - 9*h**2 - 34*h + 236. Determine t(4).
-108
Let d(g) = -10*g**3 + 337*g**2 + 122*g - 78. Determine d(34).
602
Let l(d) = -d**3 + 150*d**2 + 29*d - 4303. Calculate l(150).
47
Let r(c) = c**3 - 149*c**2 + 1648*c - 513. Give r(137).
35
Let h(i) = i**2 - 4740*i - 94970. Determine h(-20).
230
Let h(z) = 3*z**3 - 906*z**2 + 922*z - 5717. Calculate h(301).
2
Let s(v) = 105*v + 3769. What is s(-39)?
-326
Let b(p) = -p**3 - 89*p**2 - 194*p + 815. Give b(-87).
2555
Let a(p) = 917479*p - 8257307. Determine a(9).
4
Let o(d) = d**2 - 149*d + 380. Calculate o(8).
-748
Let a